{"id":1105,"date":"2025-06-13T08:26:38","date_gmt":"2025-06-13T06:26:38","guid":{"rendered":"https:\/\/steam-control.com\/Shop\/?post_type=product&#038;p=1105"},"modified":"2025-08-21T08:20:05","modified_gmt":"2025-08-21T06:20:05","slug":"zeitschaltuhrneo-timer","status":"publish","type":"product","link":"https:\/\/steam-control.com\/Shop\/index.php\/produkt\/zeitschaltuhrneo-timer\/","title":{"rendered":"Zeitschaltuhr\u201eNeo Timer\u201e"},"content":{"rendered":"<div dir=\"auto\">\n<div class=\"xdj266r x11i5rnm xat24cr x1mh8g0r x1vvkbs x126k92a\">\n<h4><span style=\"color: #333399;\">\u203c<\/span> <span style=\"color: #000000;\"><strong>Testpersonen gesucht<\/strong> <\/span><span style=\"color: #333399;\">\u203c<\/span><\/h4>\n<\/div>\n<\/div>\n<div dir=\"auto\">\n<p>Du hast einen Heubedampfer und m\u00f6chtest deinen Alltag erleichtern? Dann wird\u2019s spannend f\u00fcr dich!<\/p>\n<p>Wir suchen Pferdemenschen, die unsere neue Zeitschaltuhr testen m\u00f6chten.<\/p>\n<p><strong>Was bietet dir unsere Zeitschaltuhr?<\/strong><\/p>\n<p>\u2714 Exakte Steuerung \u2013 An- und Aus-Zeiten minutengenau einstellbar<\/p>\n<p>\u2714 Zuverl\u00e4ssigkeit \u2013 Auch bei Stromausf\u00e4llen: Sobald der Strom zur\u00fcck ist, l\u00e4uft sie weiter wie geplant<\/p>\n<p>\u2714 Robustes Leistungsteil \u2013 ausgelegt f\u00fcr bis zu 20 A<\/p>\n<p>\u2714 Austauschbare Steckdose \u2013 bei Bedarf<\/p>\n<p>\u2714 Speziell f\u00fcr den Einsatz an Heubedampfern konzipiert \u2013 zuverl\u00e4ssig, langlebig und praxisnah<br \/>\nIdeal f\u00fcr alle, die ihren Heubedampfer automatisieren und sich nicht st\u00e4ndig um Start- und Endzeiten k\u00fcmmern wollen.<\/p>\n<p>Mehr Komfort, mehr Kontrolle \u2013 weniger Stress.<\/p>\n<p>&nbsp;<\/p>\n<p><strong>\u00a0Was du brauchst:<\/strong><\/p>\n<p>\u2714 Einen Heubedampfer<\/p>\n<p>\u2714 Einen Dampferzeuger ohne eigenen Timer oder mit Timer, der dauerhaft auf &#8222;An&#8220; bleibt<\/p>\n<p>\u2714 Eine stabile Stromversorgung<\/p>\n<p>\u2714 Und die Bereitschaft, uns regelm\u00e4\u00dfig ehrliches Feedback zu geben<\/p>\n<p>Nach der Testphase kannst du die Zeitschaltuhr f\u00fcr einen kleinen Betrag \u00fcbernehmen \u2013 oder einfach zur\u00fccksenden.<\/p>\n<p>Interesse? Dann melde dich direkt bei uns per Nachricht \ud83d\udce9<br \/>\nWir freuen uns auf deine Unterst\u00fctzung!<\/p>\n<div data-test='contact-form'\n\t\t\tid='contact-form-1105'\n\t\t\tclass='jetpack-contact-form-container '\n\t\t\tdata-wp-interactive='jetpack\/form' data-wp-context='{\"formId\":\"1105\",\"formHash\":\"40ec9cecaa8e4aa1118a2f5aeed35d709409235f\",\"showErrors\":false,\"errors\":[],\"fields\":[],\"isMultiStep\":false,\"useAjax\":true,\"submissionData\":null,\"formattedSubmissionData\":[],\"submissionSuccess\":false,\"submissionError\":null,\"elementId\":\"jp-form-40ec9cecaa8e4aa1118a2f5aeed35d709409235f\",\"isSingleInputForm\":false,\"isForcedHorizontal\":false}'\n\t\t\tdata-wp-watch--scroll-to-wrapper=\"callbacks.scrollToWrapper\"\n\t\t>\n<div class=\"contact-form-submission contact-form-ajax-submission\" data-wp-bind--aria-hidden=\"state.isSuccessMessageAriaHidden\" data-wp-class--submission-success=\"context.submissionSuccess\" id=\"contact-form-success-40ec9cecaa8e4aa1118a2f5aeed35d709409235f\" tabindex=\"-1\" aria-labelledby=\"contact-form-success-header-40ec9cecaa8e4aa1118a2f5aeed35d709409235f\"><p class=\"go-back-message\"><a class=\"link\" role=\"button\" tabindex=\"0\" data-wp-on--click=\"actions.goBack\" href=\"\/Shop\/index.php\/wp-json\/wp\/v2\/product\/1105\">\u2190 Zur\u00fcck<\/a><\/p><h4 data-wp-bind--aria-hidden=\"state.isSuccessMessageAriaHidden\" id=\"contact-form-success-header-40ec9cecaa8e4aa1118a2f5aeed35d709409235f\">Vielen Dank f\u00fcr deine Antwort. \u2728<\/h4>\n\n<template data-wp-each--submission=\"context.formattedSubmissionData\">\n\t\t\t\t\t<div class=\"jetpack_forms_contact-form-success-summary\">\n\t\t\t\t\t\t<div class=\"field-name-wrapper\">\n\t\t\t\t\t\t\t<div class=\"field-type-icon\" data-wp-watch=\"callbacks.watchFieldTypeIcon\"><\/div>\n\t\t\t\t\t\t\t<div class=\"field-name\" data-wp-text=\"context.submission.label\" data-wp-bind--hidden=\"!context.submission.label\"><\/div>\n\t\t\t\t\t\t<\/div>\n\t\t\t\t\t\t<div class=\"field-value\" data-wp-text=\"context.submission.value\" data-wp-bind--hidden=\"!context.submission.showPlainValue\"><\/div>\n\t\t\t\t\t\t<a class=\"field-url\" data-wp-bind--href=\"context.submission.url\" data-wp-text=\"context.submission.value\" data-wp-bind--hidden=\"!context.submission.url\" target=\"_blank\" rel=\"noopener noreferrer\"><\/a>\n\t\t\t\t\t\t<div class=\"field-rating\" data-wp-bind--hidden=\"!context.submission.rating\" data-wp-watch=\"callbacks.watchRatingIcons\"><\/div>\n\t\t\t\t\t\t<div class=\"field-images\" data-wp-bind--hidden=\"!context.submission.images\">\n\t\t\t\t\t\t\t<template data-wp-each--image=\"context.submission.images\">\n\t\t\t\t\t\t\t\t<div class=\"field-image-option\" data-wp-class--is-empty=\"!context.image.src\">\n\t\t\t\t\t\t\t\t\t<figure class=\"field-image-option__image\" data-wp-class--is-empty=\"!context.image.src\">\n\t\t\t\t\t\t\t\t\t\t<img data-wp-bind--src=\"context.image.src\" data-wp-bind--hidden=\"!context.image.src\" \/>\n\t\t\t\t\t\t\t\t\t\t<img decoding=\"async\" src=\"data:image\/gif;base64,R0lGODlhAQABAAD\/ACwAAAAAAQABAAACADs=\" data-wp-bind--hidden=\"context.image.src\" \/>\n\t\t\t\t\t\t\t\t\t<\/figure>\n\t\t\t\t\t\t\t\t\t<div class=\"field-image-option__label-wrapper\">\n\t\t\t\t\t\t\t\t\t\t<span class=\"field-image-option__label-code\" data-wp-text=\"context.image.letterCode\"><\/span>\n\t\t\t\t\t\t\t\t\t\t<span class=\"field-image-option__label\" data-wp-text=\"context.image.label\" data-wp-bind--hidden=\"!context.image.label\"><\/span>\n\t\t\t\t\t\t\t\t\t<\/div>\n\t\t\t\t\t\t\t\t<\/div>\n\t\t\t\t\t\t\t<\/template>\n\t\t\t\t\t\t<\/div>\n\t\t\t\t\t\t<div class=\"field-files\" data-wp-bind--hidden=\"!context.submission.files\">\n\t\t\t\t\t\t\t<template data-wp-each--file=\"context.submission.files\">\n\t\t\t\t\t\t\t\t<div class=\"field-file\">\n\t\t\t\t\t\t\t\t\t<div class=\"field-file__thumbnail\" data-wp-style--background-image=\"context.file.previewUrl\" data-wp-style--mask-image=\"context.file.iconUrl\" data-wp-bind--hidden=\"!context.file.hasPreview\"><\/div>\n\t\t\t\t\t\t\t\t\t<svg class=\"field-file__icon\" data-wp-bind--hidden=\"context.file.hasPreview\" width=\"20\" height=\"20\" viewBox=\"0 0 24 24\" fill=\"none\" xmlns=\"http:\/\/www.w3.org\/2000\/svg\" aria-hidden=\"true\">\n\t\t\t\t\t\t\t\t\t\t<path d=\"M14 2H6C4.9 2 4 2.9 4 4V20C4 21.1 4.89 22 5.99 22H18C19.1 22 20 21.1 20 20V8L14 2ZM18 20H6V4H13V9H18V20Z\" fill=\"currentColor\"\/>\n\t\t\t\t\t\t\t\t\t<\/svg>\n\t\t\t\t\t\t\t\t\t<span class=\"field-file__name\" data-wp-text=\"context.file.name\"><\/span>\n\t\t\t\t\t\t\t\t\t<span class=\"field-file__size\" data-wp-text=\"context.file.size\"><\/span>\n\t\t\t\t\t\t\t\t<\/div>\n\t\t\t\t\t\t\t<\/template>\n\t\t\t\t\t\t<\/div>\n\t\t\t\t\t<\/div>\n\t\t\t\t<\/template><\/div><form action='https:\/\/steam-control.com\/Shop\/index.php\/produkt\/zeitschaltuhrneo-timer\/'\n\t\t\t\tid='jp-form-40ec9cecaa8e4aa1118a2f5aeed35d709409235f'\n\t\t\t\tmethod='post'\n\t\t\t\tclass='contact-form commentsblock jetpack-contact-form__form has-no-jetpack-form-layout' aria-label=\"Zeitschaltuhr\u201eNeo Timer\u201e\"\n\t\t\t\tdata-wp-on--submit=\"actions.onFormSubmit\"\n\t\t\t\tdata-wp-on--reset=\"actions.onFormReset\"\n\t\t\t\tdata-wp-class--submission-success=\"context.submissionSuccess\"\n\t\t\t\tdata-wp-class--is-first-step=\"state.isFirstStep\"\n\t\t\t\tdata-wp-class--is-last-step=\"state.isLastStep\"\n\t\t\t\tdata-wp-class--is-ajax-form=\"context.useAjax\"\n\t\t\t\tnovalidate >\n<input type='hidden' name='jetpack_contact_form_jwt' value='eyJ0eXAiOiJKV1QiLCJhbGciOiJIUzI1NiJ9.eyJlbmNyeXB0ZWRfYXR0cmlidXRlcyI6InluVms1S2xhbGw0SWtMM1dnNnVJZXd0azB3bHIyNkdvd3RrT1JtY1k2NlZtTVpWUUxXYkUzZjdySjZXcXRiTmlOZXdNU1U2dzk1MDY0MmZ1QXJNNTNqTENJRlFFSUxsN0dRN1lFdUlzRmlXemkwb0ZCcXdaTEFWa0k3VTFWbXVOQitZdTEreFNtVFp1UlFRRzkxTEwzVjE2eGZIMm9xaXdpbmQzOVVCakZaenhBUWZJZDdlWWY0akVPMDVQelZQREZvcVpna3lxWFZHQ3pHaC9xOHRwOTZKbGRNRGdrTk8xMTVJNU41TXlKVS9xdnIxanplbTBmS0NYL0dnd2ZoTlRMVk5DTmt1NUt3T1Z2eXptS0poWWROazgzS3N2eGM2bVlnVHZzcGpZQ0lETzVLUXduVGI0cHlJMEZDTmpyY1V3d09xK1lNczJ2Qjh2OWY0RWtnOEJ5TmRjVDA3MmU3SVA4ZStvQjNScHZ4NHpWUWRqQllBa0VRdEZ3ODRMWE1PU0hnYTRrbEdqdWVFWG5NeVEwQk5raFVBR1JQa2NDYmVyTzJycktsUzRacjZUZnNwNXR0Y1lPS3YzWDB3UkhIUGRTdnE5K0JjSkZvYXlwKzYxVmpKRUdTQldHUUhneUh2bFZnMUxRR1ZkY1NJcnhYTU1LSG5rdWVmSjJVNlRMS204djF3UENLRndsWlRPWHhYVEp1UWlGdG14c3NOREMzdGxBTzV1NUVxdmpSbi9kalMyV2Z4RDR3cmlDc2tVYzRvM2hFZFVLeXl3ZlVBd0ZSbzlDTHR2VHMxL1dSZXpwclpqMTRNQ0R6MXUwOTVYNTNOUVB5T242SS9sQUVQQUxlYXl0dmp3eHBmM0gzcXhrNTBYMDc4cWdmZllXWjJGckZocjh5L2dMai94TTNENWU3MlNiWkdsTTQweTFGa2lTSEpzQUFzcnlyZ3Z6V0M2ajFpRHp2Q2xVSUFrOTJCU003WG0rTmt5Mld5NDdqdVRLU3RxMVlZY1doZkJZSkluZTJaOG9oV05IN2F1UFVuYXhoUTBnUzJScUdXMHMyUnpqM0w2SFpvSjJoYzNlOTZUdGErSmNsTXNYSTluOFVueWJTakJtOG5tNm9SYit2RlN4V2xjWHBqczRJSWtrQ2tGUTdPMTg1RldEUFZSOVRsSUFUTUR0THI1dGNoYURqU1hHNUFSTlRVZmpVL2t5WnRpSDdFUU5mRVNBb3h1VG4xTWdkdDloS2l0VkF5a3RpM1l0NnA3NXFxWjlDTlFrbXRqQ0E9PSIsImNvbnRlbnQiOiJbY29udGFjdC1maWVsZCBsYWJlbD1cIk5hbWVcIiB0eXBlPVwibmFtZVwiIHJlcXVpcmVkPVwiMVwiXVtjb250YWN0LWZpZWxkIGxhYmVsPVwiRS1NYWlsXCIgdHlwZT1cImVtYWlsXCIgcmVxdWlyZWQ9XCIxXCJdW2NvbnRhY3QtZmllbGQgbGFiZWw9XCJOYWNocmljaHRcIiB0eXBlPVwidGV4dGFyZWFcIl0iLCJoYXNoIjoiNDBlYzljZWNhYThlNGFhMTExOGEyZjVhZWVkMzVkNzA5NDA5MjM1ZiIsInNvdXJjZSI6eyJlbnRyeV90aXRsZSI6IlplaXRzY2hhbHR1aHJcdTIwMWVOZW8gVGltZXJcdTIwMWUiLCJlbnRyeV9wYWdlIjoxLCJzb3VyY2VfaWQiOjExMDUsInNvdXJjZV90eXBlIjoic2luZ2xlIiwicmVxdWVzdF91cmwiOiJodHRwczovL3N0ZWFtLWNvbnRyb2wuY29tL1Nob3Avd3AtanNvbi93cC92Mi9wcm9kdWN0LzExMDUifSwidmVyc2lvbiI6MiwiY2lwaGVyIjoiYWVzLTI1Ni1nY20ifQ.Jy2gxIXBwZ8qe7wuKIHcmrg23BH84s1cOX0Se9zmR-k' \/>\n\n<div style=\"\"  data-wp-interactive=\"jetpack\/form\" data-wp-context='{\"fieldId\":\"g1105-name\",\"fieldType\":\"name\",\"fieldLabel\":\"Name\",\"fieldValue\":\"\",\"fieldPlaceholder\":\"\",\"fieldIsRequired\":\"1\",\"fieldErrorMessage\":\"\",\"fieldExtra\":[],\"formHash\":\"40ec9cecaa8e4aa1118a2f5aeed35d709409235f\"}'  class='grunion-field-name-wrap grunion-field-wrap'  data-wp-init='callbacks.initializeField' data-wp-on--jetpack-form-reset='callbacks.initializeField' >\n<label\n\t\t\t\tfor='g1105-name' class=\"grunion-field-label name\" >Name<span class=\"grunion-label-required\" aria-hidden=\"true\">(erforderlich)<\/span><\/label>\n<input\n\t\t\t\t\ttype='text'\n\t\t\t\t\tname='g1105-name'\n\t\t\t\t\tid='g1105-name'\n\t\t\t\t\tvalue=''\n\n\t\t\t\t\tdata-wp-bind--aria-invalid='state.fieldAriaInvalid'\n\t\t\t\t\tdata-wp-bind--value='state.getFieldValue'\n\t\t\t\t\taria-describedby='g1105-name-text-error-message'\n\t\t\t\t\tdata-wp-on--input='actions.onFieldChange'\n\t\t\t\t\tdata-wp-on--blur='actions.onFieldBlur'\n\t\t\t\t\tdata-wp-class--has-value='state.hasFieldValue'\n\n\t\t\t\t\tclass='name  grunion-field' \n\t\t\t\t\trequired='true' aria-required='true'  \/>\n \n\t\t\t<div id=\"g1105-name-text-error\" class=\"contact-form__input-error\" data-wp-class--has-errors=\"state.fieldHasErrors\">\n\t\t\t\t<span class=\"contact-form__warning-icon\" aria-hidden=\"true\">\n\t\t\t\t\t<svg width=\"16\" height=\"16\" viewBox=\"0 0 16 16\" fill=\"none\" xmlns=\"http:\/\/www.w3.org\/2000\/svg\">\n\t\t\t\t\t\t<path d=\"M8.50015 11.6402H7.50015V10.6402H8.50015V11.6402Z\" \/>\n\t\t\t\t\t\t<path d=\"M7.50015 9.64018H8.50015V6.30684H7.50015V9.64018Z\" \/>\n\t\t\t\t\t\t<path fill-rule=\"evenodd\" clip-rule=\"evenodd\" d=\"M6.98331 3.0947C7.42933 2.30177 8.57096 2.30177 9.01698 3.09469L13.8771 11.7349C14.3145 12.5126 13.7525 13.4735 12.8602 13.4735H3.14004C2.24774 13.4735 1.68575 12.5126 2.12321 11.7349L6.98331 3.0947ZM8.14541 3.58496C8.08169 3.47168 7.9186 3.47168 7.85488 3.58496L2.99478 12.2251C2.93229 12.3362 3.01257 12.4735 3.14004 12.4735H12.8602C12.9877 12.4735 13.068 12.3362 13.0055 12.2251L8.14541 3.58496Z\" \/>\n\t\t\t\t\t<\/svg>\n\t\t\t\t<\/span>\n\t\t\t\t<span data-wp-text=\"state.errorMessage\" id=\"g1105-name-text-error-message\"><\/span>\n\t\t\t<\/div> \n\t<\/div>\n\n<div style=\"\"  data-wp-interactive=\"jetpack\/form\" data-wp-context='{\"fieldId\":\"g1105-email\",\"fieldType\":\"email\",\"fieldLabel\":\"E-Mail\",\"fieldValue\":\"\",\"fieldPlaceholder\":\"\",\"fieldIsRequired\":\"1\",\"fieldErrorMessage\":\"\",\"fieldExtra\":[],\"formHash\":\"40ec9cecaa8e4aa1118a2f5aeed35d709409235f\"}'  class='grunion-field-email-wrap grunion-field-wrap'  data-wp-init='callbacks.initializeField' data-wp-on--jetpack-form-reset='callbacks.initializeField' >\n<label\n\t\t\t\tfor='g1105-email' class=\"grunion-field-label email\" >E-Mail<span class=\"grunion-label-required\" aria-hidden=\"true\">(erforderlich)<\/span><\/label>\n<input\n\t\t\t\t\ttype='email'\n\t\t\t\t\tname='g1105-email'\n\t\t\t\t\tid='g1105-email'\n\t\t\t\t\tvalue=''\n\n\t\t\t\t\tdata-wp-bind--aria-invalid='state.fieldAriaInvalid'\n\t\t\t\t\tdata-wp-bind--value='state.getFieldValue'\n\t\t\t\t\taria-describedby='g1105-email-email-error-message'\n\t\t\t\t\tdata-wp-on--input='actions.onFieldChange'\n\t\t\t\t\tdata-wp-on--blur='actions.onFieldBlur'\n\t\t\t\t\tdata-wp-class--has-value='state.hasFieldValue'\n\n\t\t\t\t\tclass='email  grunion-field' \n\t\t\t\t\trequired='true' aria-required='true'  \/>\n \n\t\t\t<div id=\"g1105-email-email-error\" class=\"contact-form__input-error\" data-wp-class--has-errors=\"state.fieldHasErrors\">\n\t\t\t\t<span class=\"contact-form__warning-icon\" aria-hidden=\"true\">\n\t\t\t\t\t<svg width=\"16\" height=\"16\" viewBox=\"0 0 16 16\" fill=\"none\" xmlns=\"http:\/\/www.w3.org\/2000\/svg\">\n\t\t\t\t\t\t<path d=\"M8.50015 11.6402H7.50015V10.6402H8.50015V11.6402Z\" \/>\n\t\t\t\t\t\t<path d=\"M7.50015 9.64018H8.50015V6.30684H7.50015V9.64018Z\" \/>\n\t\t\t\t\t\t<path fill-rule=\"evenodd\" clip-rule=\"evenodd\" d=\"M6.98331 3.0947C7.42933 2.30177 8.57096 2.30177 9.01698 3.09469L13.8771 11.7349C14.3145 12.5126 13.7525 13.4735 12.8602 13.4735H3.14004C2.24774 13.4735 1.68575 12.5126 2.12321 11.7349L6.98331 3.0947ZM8.14541 3.58496C8.08169 3.47168 7.9186 3.47168 7.85488 3.58496L2.99478 12.2251C2.93229 12.3362 3.01257 12.4735 3.14004 12.4735H12.8602C12.9877 12.4735 13.068 12.3362 13.0055 12.2251L8.14541 3.58496Z\" \/>\n\t\t\t\t\t<\/svg>\n\t\t\t\t<\/span>\n\t\t\t\t<span data-wp-text=\"state.errorMessage\" id=\"g1105-email-email-error-message\"><\/span>\n\t\t\t<\/div> \n\t<\/div>\n\n<div style=\"\"  data-wp-interactive=\"jetpack\/form\" data-wp-context='{\"fieldId\":\"g1105-nachricht\",\"fieldType\":\"textarea\",\"fieldLabel\":\"Nachricht\",\"fieldValue\":\"\",\"fieldPlaceholder\":\"\",\"fieldIsRequired\":\"\",\"fieldErrorMessage\":\"\",\"fieldExtra\":[],\"formHash\":\"40ec9cecaa8e4aa1118a2f5aeed35d709409235f\"}'  class='grunion-field-textarea-wrap grunion-field-wrap'  data-wp-init='callbacks.initializeField' data-wp-on--jetpack-form-reset='callbacks.initializeField' >\n<label\n\t\t\t\tfor='contact-form-comment-g1105-nachricht' class=\"grunion-field-label textarea\" >Nachricht<\/label>\n<textarea\n\t\t                style=''\n\t\t                name='g1105-nachricht'\n\t\t                id='contact-form-comment-g1105-nachricht'\n\t\t                rows='20'\n\t\t\t\t\t\tdata-wp-text='state.getFieldValue'\n\t\t\t\t\t\tdata-wp-on--input='actions.onFieldChange'\n\t\t\t\t\t\tdata-wp-on--blur='actions.onFieldBlur'\n\t\t\t\t\t\tdata-wp-class--has-value='state.hasFieldValue'\n\t\t\t\t\t\taria-describedby='g1105-nachricht-textarea-error-message'\n\t\t\t\t\t\tdata-wp-bind--aria-invalid='state.fieldAriaInvalid'\n\t\t\t\t\t\tclass='textarea  grunion-field'  ><\/textarea>\n \n\t\t\t<div id=\"g1105-nachricht-textarea-error\" class=\"contact-form__input-error\" data-wp-class--has-errors=\"state.fieldHasErrors\">\n\t\t\t\t<span class=\"contact-form__warning-icon\" aria-hidden=\"true\">\n\t\t\t\t\t<svg width=\"16\" height=\"16\" viewBox=\"0 0 16 16\" fill=\"none\" xmlns=\"http:\/\/www.w3.org\/2000\/svg\">\n\t\t\t\t\t\t<path d=\"M8.50015 11.6402H7.50015V10.6402H8.50015V11.6402Z\" \/>\n\t\t\t\t\t\t<path d=\"M7.50015 9.64018H8.50015V6.30684H7.50015V9.64018Z\" \/>\n\t\t\t\t\t\t<path fill-rule=\"evenodd\" clip-rule=\"evenodd\" d=\"M6.98331 3.0947C7.42933 2.30177 8.57096 2.30177 9.01698 3.09469L13.8771 11.7349C14.3145 12.5126 13.7525 13.4735 12.8602 13.4735H3.14004C2.24774 13.4735 1.68575 12.5126 2.12321 11.7349L6.98331 3.0947ZM8.14541 3.58496C8.08169 3.47168 7.9186 3.47168 7.85488 3.58496L2.99478 12.2251C2.93229 12.3362 3.01257 12.4735 3.14004 12.4735H12.8602C12.9877 12.4735 13.068 12.3362 13.0055 12.2251L8.14541 3.58496Z\" \/>\n\t\t\t\t\t<\/svg>\n\t\t\t\t<\/span>\n\t\t\t\t<span data-wp-text=\"state.errorMessage\" id=\"g1105-nachricht-textarea-error-message\"><\/span>\n\t\t\t<\/div>\n\t<\/div>\n\t<p class='contact-submit'>\n<div class=\"contact-form__error\" data-wp-class--show-errors=\"state.showFormErrors\"><span class=\"contact-form__warning-icon\" aria-hidden=\"true\"><i><\/i><\/span><span class=\"contact-form__error-message\" tabindex=\"-1\" data-wp-watch=\"callbacks.focusOnValidationError\" data-wp-text=\"state.getFormErrorMessage\"><\/span><ul aria-label=\"Formularfehler\">\n\t\t\t\t<template data-wp-each=\"state.getErrorList\" data-wp-key=\"context.item.id\">\n\t\t\t\t\t<li><a data-wp-bind--href=\"context.item.anchor\" data-wp-on--click=\"actions.scrollIntoView\" data-wp-text=\"context.item.label\"><\/a><\/li>\n\t\t\t\t<\/template>\n\t\t\t\t<\/ul><\/div><div class=\"contact-form__error\" data-wp-class--show-errors=\"state.showSubmissionError\" data-wp-text=\"context.submissionError\" tabindex=\"-1\" data-wp-watch=\"callbacks.focusOnSubmissionError\"><\/div>\t\t<button type='submit' class='pushbutton-wide'>Senden<\/button>\t\t<input type='hidden' name='contact-form-id' value='1105' \/>\n\t\t<input type='hidden' name='action' value='grunion-contact-form' \/>\n\t\t<input type='hidden' name='contact-form-hash' value='40ec9cecaa8e4aa1118a2f5aeed35d709409235f' \/>\n\t<\/p>\n<p style=\"display: none !important;\" class=\"akismet-fields-container\" data-prefix=\"ak_\"><label>&#916;<textarea name=\"ak_hp_textarea\" cols=\"45\" rows=\"8\" maxlength=\"100\"><\/textarea><\/label><input type=\"hidden\" id=\"ak_js_1\" name=\"ak_js\" value=\"159\"\/><script data-jetpack-boost=\"ignore\">document.getElementById( \"ak_js_1\" ).setAttribute( \"value\", ( new Date() ).getTime() );<\/script><\/p><\/form>\n<\/div>\n<p>&nbsp;<\/p>\n<\/div>\n","protected":false},"excerpt":{"rendered":"<div dir=\"auto\">\n<div><b>Wichtige Mitteilung<\/b><\/div>\n<div><b>\u00a0<\/b><\/div>\n<div><b>Aufgrund eines Trauerfalls im engsten Familienkreis sind wir derzeit nur eingeschr\u00e4nkt erreichbar. Wir bem\u00fchen dennoch alle Anfragen zeitnah zu beantworten und danken dir f\u00fcr dein Verst\u00e4ndnis in dieser schwierigen Zeit.<\/b><\/div>\n<div class=\"xdj266r x11i5rnm xat24cr x1mh8g0r x1vvkbs x126k92a\">\n<h4><span style=\"color: #000000;\"><strong>Testpersonen gefunden<\/strong><\/span><\/h4>\n<p>vielen Dank<\/p>\n<\/div>\n<\/div>\n<div dir=\"auto\">\n<p><span style=\"color: #000000;\">\u2714 Die Design-, Entwicklungs- und Herstellungsprozesse werden in Deutschland von Hand ausgef\u00fchrt.<\/span><\/p>\n<p><span style=\"color: #000000;\">\u2714 Unsere modularen Zeitschaltuhren \u00fcberzeugen durch ihre Qualit\u00e4t, Wirtschaftlichkeit und nachhaltige Reparaturm\u00f6glichkeiten.<\/span><\/p>\n<\/div>\n<div dir=\"auto\"><\/div>\n<div dir=\"auto\"><\/div>\n<p>&nbsp;<\/p>\n<p>&nbsp;<\/p>\n<p><span style=\"color: #000000;\">\u00a0<\/span><\/p>\n<p>&nbsp;<\/p>\n","protected":false},"featured_media":858,"comment_status":"open","ping_status":"closed","template":"","meta":{"jetpack_post_was_ever_published":false,"jetpack_publicize_message":"","jetpack_publicize_feature_enabled":true,"jetpack_social_post_already_shared":true,"jetpack_social_options":{"image_generator_settings":{"template":"highway","default_image_id":0,"font":"","enabled":false},"version":2}},"product_brand":[],"product_cat":[182],"product_tag":[51,92,113,43,174,115,63,120,119,65,157,133,173,44,41,130,112,42,114,106,107],"class_list":{"0":"post-1105","1":"product","2":"type-product","3":"status-publish","4":"has-post-thumbnail","6":"product_cat-intelligente-zeitschaltuhren","7":"product_tag-3500w","8":"product_tag-bedampfersteuerung","9":"product_tag-bratenthermometer","10":"product_tag-evo","11":"product_tag-haygain","12":"product_tag-heu-bedampfen","13":"product_tag-heubedampfer","14":"product_tag-heubedampfer-selber-bauen","15":"product_tag-heubedampfer-selbst-bauen","16":"product_tag-heubedampfersteuerung","17":"product_tag-heumaster","18":"product_tag-intelligente-heubedampfer-temperatursteuerung","19":"product_tag-nuveq","20":"product_tag-steam-control","21":"product_tag-steuerung","22":"product_tag-temperaturkontrolle","23":"product_tag-temperaturregler","24":"product_tag-temperatursteuerung","25":"product_tag-thermometer","26":"product_tag-zeitschaltuhr","27":"product_tag-zeitsteuerung","28":"product_shipping_class-paket-klein","30":"first","31":"outofstock","32":"sold-individually","33":"shipping-taxable","34":"purchasable","35":"product-type-simple"},"jetpack_publicize_connections":[],"jetpack-related-posts":[],"jetpack_sharing_enabled":true,"jetpack_likes_enabled":true,"_links":{"self":[{"href":"https:\/\/steam-control.com\/Shop\/index.php\/wp-json\/wp\/v2\/product\/1105","targetHints":{"allow":["GET"]}}],"collection":[{"href":"https:\/\/steam-control.com\/Shop\/index.php\/wp-json\/wp\/v2\/product"}],"about":[{"href":"https:\/\/steam-control.com\/Shop\/index.php\/wp-json\/wp\/v2\/types\/product"}],"replies":[{"embeddable":true,"href":"https:\/\/steam-control.com\/Shop\/index.php\/wp-json\/wp\/v2\/comments?post=1105"}],"wp:featuredmedia":[{"embeddable":true,"href":"https:\/\/steam-control.com\/Shop\/index.php\/wp-json\/wp\/v2\/media\/858"}],"wp:attachment":[{"href":"https:\/\/steam-control.com\/Shop\/index.php\/wp-json\/wp\/v2\/media?parent=1105"}],"wp:term":[{"taxonomy":"product_brand","embeddable":true,"href":"https:\/\/steam-control.com\/Shop\/index.php\/wp-json\/wp\/v2\/product_brand?post=1105"},{"taxonomy":"product_cat","embeddable":true,"href":"https:\/\/steam-control.com\/Shop\/index.php\/wp-json\/wp\/v2\/product_cat?post=1105"},{"taxonomy":"product_tag","embeddable":true,"href":"https:\/\/steam-control.com\/Shop\/index.php\/wp-json\/wp\/v2\/product_tag?post=1105"}],"curies":[{"name":"wp","href":"https:\/\/api.w.org\/{rel}","templated":true}]}}